1 - 1)
9
What is the value of (5 - (-6 + 7) - 4) + 5 - 1?
4
Evaluate 2 + -1 + 22 + -24 + -11 + 2.
-10
What is the value of -20 - (4 + -5) - (21 - 25)?
-15
Evaluate 1045 + -1016 - (19 + 1).
9
What is -27 - (5 - 13) - -24?
5
What is -25 + -4 + 7 + 16 + -8?
-14
What is -1 + -15 + -8 + (-13 - 0 - -24)?
-13
What is (3 + -2 - (-2 - 3)) + -39 + 35?
2
Evaluate 7 + (20 - 26) + 12.
13
Evaluate (-141 - -126) + -4 + 2.
-17
What is (12 - 49) + 0 + 20?
-17
What is the value of ((1 - 4) + 3 - (17 - 20)) + 12?
15
(26 - -7 - (15 - 3)) + 5
26
Calculate 38 + (44 - (16 + 33)).
33
3 + ((-3 - (10 + -5)) + 5 - 8)
-8
Calculate 2 + 5 - -4 - (-1 - -8).
4
Calculate 10 + (-12 - -2) - 4 - (-11 + -1).
8
Calculate ((12 - -1) + -11 - -9) + 15.
26
What is the value of -3 + (-21 - (10 - 9) - -10)?
-15
(6 - 18) + 3 + 30 + -25
-4
(-5 - -7 - 5) + -9 + 6 + 2
-4
Calculate 5 + 0 + -14 + (16 - 18).
-11
Calculate 1 + 4 + -10 - (-2 + 3).
-6
Calculate (30 - 19 - 30 - -2) + -19.
-36
What is the value of (249 - 257) + (6 - -2 - -2) + -3?
-1
What is the value of 0 + (-4 - (-6 + 2 + 8)) + 1?
-7
-494 + 488 + (1 - 2)
-7
What is (4 - 7) + -2 + 27?
22
What is the value of -8 + (25 - (-28 - -30))?
15
Evaluate (-2 - 3) + (8 + -14 + 3 - -30).
22
Evaluate 0 + 16 + 3 + (-20 - (7 - 23)).
15
What is -6 - ((-5 - -3) + (-19 - -46))?
-31
What is the value of -11 + -1 - (-175 + 163 + 3 + 9)?
-12
Evaluate -16 - -18 - (2 - (30 + (2 - 2))).
30
What is -362 + 361 - (-3 + 2 + 0 + -4)?
4
Calculate -2 + -8 - (296 - 307).
1
Evaluate (0 + 0 - (2 - -18)) + -1496 + 1486.
-30
Evaluate -4 + (3 - (-9 + 9)).
-1
Calculate 1 + (9 - (16 + -4 + 4)).
-6
What is the value of (-2 - -8) + -14 - -15?
7
Calculate -32 - -51 - 4 - 1.
14
What is -49 - -38 - (1 - (-1 + 0 - 3))?
-16
Calculate -2 + 4 + -2 + 3 + (-12 - -3).
-6
Evaluate -1 - -8 - (-13 - (15 + -15 + -9)).
11
Evaluate -1 + 8 - (-10 - -5 - (-17 - -10)).
5
(-29 + 7 - -32) + -27
-17
Evaluate 13 + -17 + 17 + (-4 - 3).
6
What is 25 + -11 - (23 - -11)?
-20
What is the value of (10 - 1) + (46 - 23 - 13)?
19
What is the value of (22 - 34) + (-11 - -35)?
12
Evaluate (4 - (5 - -13) - -19) + 14.
19
Calculate 0 + 4 - (-12 + (6 - 29) + 27).
12
What is the value of (6 - 4 - -5) + (2 - 8 - 8)?
-7
Evaluate (8 - (-4 + 25)) + 6 + 10.
3
Evaluate -2 - (5 - 15) - 21 - -28.
15
Evaluate 0 + -14 + 2 + 2 + 22.
12
Calculate (95 - 89) + (2 - 16) + -2.
-10
Calculate -8 - (12 + -1 - 7).
-12
What is the value of 13 - (28 - 35 - -19) - (1 - -27)?
-27
Evaluate 1 + (7 + 7 - 9) - -2.
8
Calculate 7 + -9 - (-8 - (-4 + (-5 - -19))).
16
Evaluate (-1 + 4 - (7 + -6)) + -4 - -3.
1
Evaluate 1 + -10 + (-375 - -377) - 20.
-27
What is -6 - (-19 + -10 + 6 + 5)?
12
Calculate -15 + 10 + (10 - 0) - (-5 - 5).
15
What is 6 - -12 - (-53 + 56)?
15
-4 - (1 - (1 - 2)) - (199 + -200)
-5
4 + 0 + (5 - -21 - 20)
10
What is the value of 7 + 1 - 8 - -7 - -1?
8
What is the value of -4 + 2 - (-11 + 2) - (-148 + 145)?
10
Evaluate (-8 - 1) + 0 + 7 + (6 - 1).
3
What is 28 + (11 - 26) - (-3 - -5)?
11
(-3 - (21 + -10)) + (16 - 7)
-5
What is the value of 14 + -7 + 13 + -14 + 0 + 6?
12
What is the value of -43 + 11 + -2 - (2 + (-18 - -9))?
-27
Evaluate -9 + (20 + -24 - (-17 + 5)).
-1
3 + (-3 - 13) + 3
-10
Evaluate -21 + 4 + (10 - (2 - (11 + -12))).
-10
Evaluate -9 + 15 + -2 + -4 + -8.
-8
5 - 0 - ((7 - (-7 + 7)) + 0)
-2
(34 - (8 + 5 + -4)) + -2
23
What is the value of 0 + 13 + (1442 - 1441)?
14
What is -10 + 26 + (2 - 4) + 3?
17
What is the value of 2 - (-2 + -2) - (3 - 26 - -29)?
0
What is the value of (4 + -5 + 1 - (20 + -5)) + 2?
-13
What is -9 + (-3 - -11) + 0 + 8?
7
2 + 1 - 1 - (-4 + 10)
-4
-2 + 7 - 12 - 6
-13
-32 - (-19 + -48 + 35)
0
What is -3 - (4 + -2) - (-15 - -19)?
-9
16 + 44 + -22 - (9 - (-5 - -3))
27
Evaluate (-14 - -39) + (5 - (7 - -8)).
15
-1 - (1 - -1 - 8 - 1)
6
-11 - (-1 - 9 - -5)
-6
What is 3 + (5 - (-17 - -11 - (10 + -8)))?
16
Evaluate 39 + (-71 + 31 - -24).
23
What is the value of -23 + (-56 - -43) + -1 + -1?
-38
What is -1 - (-4 + (1 + 5 - -2) + 22)?
-27
Calculate (0 + -3 - -3) + 0 + 10.
10
What is -24 - -23 - (0 - -8)?
-9
What is the value of -17 - 1 - (-105 + 87)?
0
What is the value of -13 + -1 + (10 - 6) - -4?
-6
-33 + 25 - (17 - ((-3 - 5) + 5))
-28
What is the value of 1 - 4 - (-22 - (5 - 5 - 7))?
12
What is 12 + (-5 - (68 - 30))?
-31
What is the value of 1 + -3 - (2 + 21 + 64 + -99)?
10
What is 30 + 17 + -32 - (1 + (0 - -5))?
9
Calculate 4 - (4 + (1 + -5 - -9)).
-5
What is 7 - 8 - 1 - (3 + -6 + -5)?
6
(-3 - 21) + -19 + 14 - 0
-29
Evaluate 23 - (48 - 33) - -9.
17
What is -15 - -1 - (9 - (-5 + 4 + 10))?
-14
What is (16 - (-7 + 17)) + -4 + 0?
2
What is 9 + (-23 - -50) + -18?
18
Calculate -1 + 1 + -4 + -2 - -7.
1
Calculate ((-5 - -7) + -4 - (5 - 1)) + 10.
4
Evaluate 22 - 7 - -3 - 20.
-2
Evaluate -7 + 2 + -10 - (8 - 8).
-15
(-46 - -19) + 16 + (10 - 0) + -1
-2
Calculate (11 - 18) + 16 - 6 - (1 - -31).
-29
Calculate -8 + (16 - (10 - 15)).
13
What is 6 + -3 - ((19 - -7) + -13)?
-10
Evaluate -3 + (5 - (-3 + 21 + -3) - -7).
-6
Calculate -113 + 116 + (-6 + 0 - -1).
-2
(0 - 0) + 7 + (-364 - -344)
-13
Calculate -4 - -4 - (-39 - -29 - (4 - 2)).
12
Calculate -88 + 105 - (-3 + 16).
4
What is -46 + 19 + 39 - (-2 + 27)?
-13
Calculate -4 + 4 - (-3 + 3 + (-15 - -18)).
-3
Evaluate 13 + (-6 - (16 - 18)).
9
Evaluate (-22 + 22 - (-2 - -21)) + 7 + 5.
-7
What is the value of -8 + -9 + 10 + 2?
-5
Calculate (-17 - -33) + -28 + 16.
4
What is the value of (4 - (-14 + 2 - -22)) + (1 - -10)?
5
Evaluate -9 - -1 - ((-5 - -9) + -11 + 6).
-7
What is 54 - (217 - 185 - (-1 + 17))?
38
What is the value of (-71 + 8 - -23) + 14 + 0?
-26
What is the value of -1228 + 1226 + -9 + 0 + 0 + -1?
-12
What is the value of -8 - (-3 + -3) - -8?
6
(-2 - -16) + 22 - 67
-31
Calculate -4 + (4 + 4 - 4) + -2.
-2
(7 - (11 + -9 + 1)) + -7
-3
Calculate (2 - -4) + 16 + -16 - -1.
7
Calculate (5 - (61 + -67 - (-5 + 1))) + -22.
-15
Evaluate (12 - (18 + -11)) + -11 + (-2 - -17).
9
-26 + -10 - (10 + (-6 - 4)) - 2
-38
What is the value of (-11 + 11 - -11) + (-2 - -14 - 1)?
22
Calculate -9 - (-13 + 27 + (-3 - 20)).
0
Evaluate 36 + -22 + -35 - -11.
-10
What is the value of (-1 - (-8 + 6 + 1 + -3)) + 9?
12
What is -4 - -10 - (-7 + 12 - (-2 - 4))?
-5
What is (-1 - 1) + -20 + 6 + 10?
-6
Evaluate 0 - ((0 - -31 - 4) + -3).
-24
(-4 - (4 - 4 - 1)) + 7 + -19
-15
What is -82 + 96 + (0 - 7)?
7
Calculate -16 + (-8 - -18) - -15.
9
What is the value of (-7 - -15) + -3 + (-4 - 0 - -3)?
4
What is -2 - (8 + 4 + (-33 - -1)) - -9?
27
Calculate -74 + (-87 - -167) + 0 + -26 + -1.
-21
Evaluate 9 + -1 + (-8 + 2 - -5).
7
Evaluate -3 + (0 + 3 - (5 + -1) - 5).
-9
What is 14 + (1 - 13 - (-238 - -260))?
-20
What is the value of -29 + (7 - -6) - -27?
11
Calculate -8 + 10 + 0 - -6 - 9.
-1
Evaluate -3 + -1 + (-8 - (2 - (10 + 2))).
-2
What is the value of -3 + (-4 - 3) + 4 - (-9 - 11)?
14
Calculate -46 - -34 - 42 - -41.
-13
12 + (1 - 2) + (-34 - -8 - -26)
11
Evaluate -8 + (1 - (-8 + (4 - -26) + -8)).
-21
(-12 + 10 - -6) + 23 + -2 + 0
25
Evaluate 33 + -12 - 4 - 29.
-12
-19 - ((3 - 8) + 2 + 1 + -4)
-13
1 + -1 - (-62 + 58) - 40
-36
What is the value of (-33 - (-3 - 1)) + -1 - (-55 - -45)?
-20
Evaluate -29 + 19 + (3 - (-3 + 1)).
-5
Calculate (12 - (6 + -2)) + 19 + -21.
6
What is 5 - -1 - -6 - (3 - -1)?
8
What is the value of 8 - (-11 + -6 + 15)?
10
-2 + (-8 - -2) + 17
9
Calculate 17 + (-13 - (15 + -14)) - -4.
7
28 - ((1 - -12) + 17)
-2
Evaluate -16 + 35 - 10 - 7.
2
Calculate 1 + -13 + 5 + 4 + (2 - 2).
-3
0 - 2 - (-7 + 28 + -15)
-8
What is -3 + (2 - 3) + (-2 - 3) + 8?
-1
Evaluate -3 + -1 - (-4 + (6 - 8) + -6).
8
What is the value of -2 + 6 - (72 + -64)?
-4
Evaluate 6 - (-3 + (5 - -2)) - 3 - -18.
17
Evaluate 4 - (35 + (8 + 3 - 24)).
-18
Calculate -2 + -9 + 19 + -9 - (-3 - 0).
2
Evaluate 27 - (10 + (7 - 11)).
21
(-4 + 8 - (10 - 7) - 6) + 1
-4
Evaluate 13 + (-5 + 2 + (-2 - 2) - -1).
7
What is the value of (7 - -2) + -18 + 13 - (2 + 14)?
-12
Calculate -7 + -1 - -11 - (-8 + -2).
13
What is -3 + (-1 - 27) + (245 - 228)?
-14
Evaluate 3 - (0 + 2 - -2) - (-165 - -145).
19
What is the value of 0 + (2 - 6) - -5 - (1 + 10)?
-10
What is 3 + (-3 - (7 - (11 + -2)))?
2
-4 - (0 + -2 + 2) - (21 - 25)
0
What is 6 + -23 + 12 - (10 - 2)?
-13
Evaluate 15 - (-4 + 3) - 39.
-23
What is -5 - (9 - (21 - 4)) - 12?
-9
Calculate (1 - (22 + 0)) 